the highest common divisor of u and l?
5
Let v be (33/(-22))/((-7)/4 + 1). Let o(w) = 2*w**3 - w + 4. Let m be o(v). What is the highest common factor of 12 and m?
6
Let a(b) = -42 + 2*b + 42 + 41*b**2. Let f be a(4). Let z be f/12 - 1/3. Calculate the greatest common divisor of 5 and z.
5
Suppose -74*j + 4*j = -5390. What is the highest common divisor of 627 and j?
11
Suppose 39*z - 460 = 47. Suppose -8*p + 3*p + 65 = 0. Calculate the greatest common divisor of z and p.
13
Let z = -20 + 38. Suppose -391 = -4*j + 385. Suppose -2*n + 202 = -j. What is the highest common divisor of n and z?
18
Let n(r) = -2*r + 10. Let q be n(7). Let f be 89 + (q - -1) + -1. What is the greatest common divisor of f and 17?
17
Suppose 0 = 3*k + 4*t + 11, 0 = -3*k + 5*k - 2*t - 16. Suppose -108*c - 99 = -111*c. Calculate the greatest common factor of c and k.
3
Suppose 2*p + 20 = -x - 2*p, 3*x - 20 = 4*p. Suppose 85 = -x*k + k. Let c be 2/(-5) + (4 - 268/(-20)). Calculate the greatest common factor of c and k.
17
Suppose -2*d = -11*d + 1377. Let m = 157 - d. What is the highest common factor of m and 10?
2
Let o = 1194 + -1070. Calculate the greatest common divisor of 4 and o.
4
Let p be (3 + -1 + -14)*10. Let a = p - -123. Suppose h = -h + 66. Calculate the greatest common divisor of a and h.
3
Let r = 1401 - 942. Calculate the highest common factor of r and 68.
17
Suppose 3*q - 51 + 12 = 3*x, -x + 19 = 3*q. Suppose 17*v = 15*v + 32. Calculate the highest common divisor of v and q.
8
Let c be 12*(72/(-27))/(-1). Calculate the greatest common factor of c and 28.
4
Let j(t) = t**3 - 8*t**2 + 16*t - 12. Suppose -43 = -4*s - 0*i - 3*i, -4*s + 18 = -2*i. Let z be j(s). What is the greatest common factor of z and 255?
51
Let p be 2/14 - 1468*3/(-42). Calculate the highest common divisor of p and 180.
15
Let v(f) = -f**2 - 7*f - 6. Let n be v(-3). Calculate the greatest common factor of 54 and n.
6
Let h(u) = -27*u + 169. Let s be h(-5). What is the highest common factor of 32 and s?
16
Let l = -9 - -63. Calculate the greatest common divisor of 135 and l.
27
Let z be (0 + -8)*(-80)/160. What is the greatest common factor of 108 and z?
4
Let l(f) = 2*f**2 - 3*f + 1. Let c be l(2). Suppose 10*s - 110 = 5*s + 5*o, o + 1 = 0. Calculate the highest common divisor of s and c.
3
Let q = 520 - 367. Suppose -5*x + x + 68 = 5*c, -4*c = -3*x + 51. Calculate the greatest common divisor of q and x.
17
Let b(c) = 2*c**3 - 19*c**2 + 18*c - 21. Let r be b(9). Let s(v) = v**2 + 9. Let n be s(-9). What is the highest common factor of r and n?
30
Suppose -3*j + 2*n - 3*n = -36, -2*n - 60 = -5*j. What is the highest common factor of 6 and j?
6
Let g(b) = -2 - b - 5 + 4 + 9*b**2 + 4. Let z be -1 - (-1 - -1 - 2). Let p be g(z). What is the greatest common divisor of 45 and p?
9
Suppose -43*x - 11*x = -45900. Calculate the greatest common factor of 34 and x.
34
Let v be (78 - (-3 + 0)) + -2. Suppose -2*g + v - 363 = -2*d, -5*d = -4*g - 573. Let m = g + 237. Calculate the highest common divisor of m and 40.
20
Let n = 440 + -428. What is the highest common factor of n and 1884?
12
Let s be (17 - (0 - 2))*-1. Let k = s + 17. Let o = 9 - k. Calculate the highest common divisor of o and 55.
11
Let g(z) = 69*z - 54. Let t be g(7). What is the highest common factor of t and 78?
39
Let c be 5 + -4 + 3 + 28 + 4. Suppose 2*w - 5*w - 57 = -5*f, 45 = 4*f - 3*w. What is the highest common divisor of c and f?
12
Let r(l) = -l**3 + 5*l**2 + 45. Let h be r(0). Calculate the highest common divisor of 765 and h.
45
Let g(p) = 5*p**2 - 15*p + 12. Let c be g(3). Calculate the highest common divisor of c and 204.
12
Suppose -73*m + 4221 = -64*m. Calculate the highest common factor of m and 7.
7
Suppose 0 = 8*c + 47 + 1. Let h be 42/12 - 15/c. Calculate the greatest common factor of 9 and h.
3
Let w(l) = 3*l**2 - 13*l - 19. Let y be w(10). Let r = y + -93. What is the highest common factor of 87 and r?
29
Let v = -259 + 269. Calculate the greatest common factor of v and 110.
10
Let f be 612/22 + 5*(-16)/(-440). Calculate the highest common divisor of f and 196.
28
Suppose 0 = -2*m - 32*m + 33728. What is the greatest common divisor of 186 and m?
62
Suppose -2*v - 4 = 0, 3*g + 3*v + 1118 = -v. Let t be -1 + g/(-5) + 2. Calculate the greatest common divisor of 30 and t.
15
Let i = -68 + 151. Suppose 4*b + i + 23 = -5*p, 0 = 4*b + 4*p + 108. Let m = -18 - b. Calculate the highest common factor of 22 and m.
11
Let l = 12 - 8. Suppose 3*a + 10 - 4 = -3*s, -4*a + s + 12 = 0. Suppose 6*g = 4*k + 2*g - 40, 20 = a*k - 4*g. What is the highest common divisor of l and k?
2
Let c(t) be the second derivative of t**5/20 - 13*t**4/12 - 16*t**3/3 + 31*t**2/2 - 10*t - 2. Let o be c(15). Calculate the highest common factor of 11 and o.
1
Let h = 15 + -10. Suppose 2*n + 2*l + l - 14 = 0, 2*n = l - 2. Calculate the greatest common factor of n and h.
1
Suppose 644*q - 639*q = 80. What is the highest common divisor of 16 and q?
16
Suppose 0*z - 4*z = -5*g - 216, 4*g - 54 = -z. Let n be 2/(-9) - (-3576)/z. Suppose -q - q = -n. What is the highest common factor of 3 and q?
3
Let k(c) = 58*c - 14. Let x be k(3). Suppose 0 = -8*m + 6*m + x. What is the greatest common divisor of m and 16?
16
Let f(i) = 5*i**3 - 3*i**2 - 6*i + 4. Let g be 4 + (-4)/14 + (-2)/(-7). Let p be f(g). What is the highest common divisor of 36 and p?
36
Let d be ((-1872)/130)/((-1)/45). What is the highest common divisor of 27 and d?
27
Let w(u) = -6*u - 9. Let s be w(-9). Let j = 6 + s. Suppose -51 = 2*l - 5*l. What is the greatest common divisor of l and j?
17
Let z(a) = 8*a + 9. Let v(t) = -2*t**3 - 3*t**2 - 3*t - 1. Let i be v(-2). Let f be z(i). Calculate the greatest common divisor of 9 and f.
9
Let o(h) = -h**3 - h**2 + 3*h**2 + 1 + 32 - 3*h**2 + h. Let t be o(0). Let f be (-87)/(-4) + 4/16. What is the highest common divisor of f and t?
11
Let j(o) = -o**3 - 1. Let h be -3*(15/9 + -1). Let r be j(h). Let f(t) = -t**2 + 6*t + 8. Let p be f(r). What is the greatest common factor of p and 4?
1
Let r(s) = s**2 + 9*s - 8. Let z be r(-10). Suppose -406 + z = 4*v. Let q = v - -164. What is the greatest common divisor of q and 21?
21
Let o(h) = -17*h**3 + 4*h**2 + 6*h + 2. Let q be o(-2). Suppose -5*b + 70 + q = -3*t, -44 = -b + t. Calculate the highest common divisor of 16 and b.
8
Let i(o) = 4*o**2 - 6*o + 9. Let l be i(3). Let x = l + 117. What is the highest common factor of x and 18?
18
Let x be (-2585)/(-44)*4 - -8. Calculate the highest common divisor of 405 and x.
81
Let i(m) be the second derivative of m**4/4 + m**3 + 2*m**2 - 45*m. Let p be i(-4). What is the highest common divisor of 252 and p?
28
Let c = -30 + 21. Let l = -7 - c. Suppose -4*s + 3*g = 1, -s - l*s - 3 = -3*g. Calculate the greatest common factor of 2 and s.
2
Suppose -4 = -2*j + 8. What is the greatest common factor of 39 and j?
3
Let x be (-2 - (-10)/4)/((-13)/(-2184)). What is the highest common factor of 84 and x?
84
Let h(c) = c + 4. Let o be h(-2). Suppose 3 = o*q - 3. Suppose d + 2*v - 142 = -d, q*v = 3*d - 219. What is the greatest common factor of d and 18?
18
Let q be (-1)/(1 - 6/5). Suppose -q*a = -0*a. Suppose 26 = 2*c - c + 5*g, a = -c + 2*g - 9. Calculate the greatest common divisor of c and 5.
1
Suppose -10*k + 845 = 3*k. Let c be k/20 + 3/(-12). What is the highest common factor of c and 15?
3
Let z be (-3)/9*-3 + 15. Let t(w) = 4*w**2 + 116*w + 114. Let q be t(-28). What is the highest common divisor of z and q?
2
Suppose -2*h + f - 2*f = -12, h = f + 9. Let q(l) = 3*l**2 - 7*l + 13. Let m be q(h). What is the greatest common factor of m and 37?
37
Suppose 30 = 3*k + 6. Suppose 3*z + 0*l = l + 13, -5*z - 5*l = -55. Suppose z = 2*w - 2*s - 2, -3*w + 28 = s. What is the highest common factor of k and w?
8
Suppose -5*a = -5*y - 40, 0 = -3*a + 3 + 6. Let v(b) = -8 - 7*b + 3 + 2*b**2 + 0*b. Let j be v(y). Calculate the highest common divisor of j and 10.
10
Suppose 0 = 245*l - 65*l - 2700. Suppose -2*p - 3*r - 11 = 0, 2*p - 2*r - 13 = 3*r. Let v be p + 135 - (-1 - 0). What is the greatest common divisor of l and v?
15
Let d = 21 - 17. Suppose -d*v - 156 = -2*f, -123 = -2*f + v + 21. Calculate the greatest common divisor of f and 14.
14
Suppose 162 = 3*z - 333. Calculate th